 is 14321 (base 7) in base 11?
2a58
-14058 (base 9) to base 7
-36533
-1330211 (base 4) to base 14
-2c97
-1314 (base 7) to base 9
-616
Convert 3996 (base 11) to base 4.
1101003
Convert -37 (base 12) to base 15.
-2d
6906 (base 12) to base 14
4378
-469 (base 13) to base 6
-3311
What is 25252 (base 9) in base 12?
99a8
211012122 (base 3) to base 13
74a5
Convert -20204 (base 6) to base 9.
-3584
2131200 (base 4) to base 14
3960
Convert a905 (base 14) to base 8.
71031
-574 (base 11) to base 12
-492
What is -50442 (base 7) in base 6?
-132343
Convert -14023 (base 5) to base 14.
-5b4
Convert 2866 (base 11) to base 2.
111001110110
1121210 (base 3) to base 2
10010011110
Convert 163 (base 14) to base 3.
101111
Convert 14414 (base 7) to base 13.
1a72
What is -2502 (base 6) in base 5?
-4424
What is 340 (base 16) in base 14?
436
-2301 (base 8) to base 12
-855
10000010101011 (base 2) to base 5
231423
-222202 (base 4) to base 16
-aa2
What is -1538 (base 10) in base 9?
-2088
2103 (base 12) to base 16
e13
Convert -16450 (base 7) to base 15.
-15ca
What is -110222022 (base 3) in base 2?
-10010011110010
Convert 11011111011 (base 2) to base 7.
5132
711 (base 14) to base 3
1220101
Convert 9aa (base 14) to base 9.
2556
Convert -271 (base 14) to base 15.
-22b
What is -40818 (base 9) in base 16?
-691d
What is 1011110 (base 2) in base 14?
6a
Convert -163 (base 14) to base 11.
-238
-100403 (base 6) to base 16
-1ef3
-7153 (base 16) to base 13
-10288
Convert 13277 (base 8) to base 11.
4414
-33430 (base 6) to base 16
-125a
What is 532 (base 9) in base 11?
365
-24503 (base 7) to base 9
-8725
What is 2726 (base 10) in base 3?
10201222
101042 (base 5) to base 8
6310
-1020011112 (base 3) to base 9
-36145
26502 (base 8) to base 2
10110101000010
What is -b01 (base 15) in base 7?
-10135
Convert -22120 (base 4) to base 2.
-1010011000
Convert -640a (base 14) to base 3.
-212200012
Convert -115151 (base 7) to base 5.
-1133013
Convert -12220031 (base 4) to base 8.
-65015
Convert 1543 (base 6) to base 12.
2b3
Convert -27e2 (base 16) to base 14.
-3a14
3224 (base 5) to base 4
12313
-104 (base 6) to base 13
-31
Convert -a0d (base 16) to base 2.
-101000001101
348 (base 15) to base 6
3235
What is -26484 (base 10) in base 8?
-63564
-1203345 (base 6) to base 14
-18d57
Convert 622d (base 16) to base 7.
133163
Convert -183 (base 13) to base 10.
-276
608 (base 11) to base 2
1011011110
Convert -23162 (base 11) to base 7.
-166364
-1378a (base 13) to base 9
-54888
What is -44424 (base 6) in base 12?
-3714
Convert -2b0 (base 13) to base 3.
-122211
2b42 (base 16) to base 6
123134
What is -192 (base 10) in base 9?
-233
Convert -114003 (base 7) to base 10.
-20583
-132 (base 7) to base 15
-4c
What is 2a82 (base 15) in base 16?
23a2
Convert -113200 (base 4) to base 10.
-1504
Convert 3774 (base 11) to base 5.
124141
Convert 32121 (base 6) to base 9.
5884
Convert 1465 (base 13) to base 4.
232030
Convert -36a (base 14) to base 4.
-22222
Convert -100345 (base 6) to base 14.
-2c53
What is -242 (base 5) in base 8?
-110
What is 9b (base 13) in base 5?
1003
-32613 (base 7) to base 9
-12213
Convert 1000111101 (base 2) to base 10.
573
-546 (base 12) to base 8
-1406
Convert -5326 (base 8) to base 9.
-3722
-5732 (base 12) to base 13
-4541
3587 (base 10) to base 16
e03
What is -128c4 (base 14) in base 7?
-250034
What is 1508 (base 11) in base 10?
1944
Convert 2123 (base 7) to base 9.
1025
Convert 1338 (base 10) to base 12.
936
What is 2ae (base 16) in base 15?
30b
What is 3257 (base 8) in base 15?
791
-13c (base 16) to base 9
-381
19d (base 15) to base 8
565
What is -1231332 (base 4) in base 2?
-1101101111110
-895 (base 13) to base 12
-a2a
31311 (base 4) to base 6
4033
Convert -1032 (base 4) to base 2.
-1001110
Convert -133 (base 11) to base 3.
-12211
Convert 1002201122 (base 3) to base 15.
664b
What is 6a5 (base 15) in base 16?
5e1
Convert 48d (base 14) to base 10.
909
Convert -21728 (base 9) to base 11.
-a941
Convert 328 (base 11) to base 9.
476
What is -27bb (base 14) in base 9?
-10565
What is ac9 (base 14) in base 5?
32022
111100010 (base 2) to base 3
122212
a (base 15) to base 7
13
-4405 (base 8) to base 10
-2309
What is -3468 (base 14) in base 15?
-2a73
81b (base 12) to base 5
14200
Convert 24784 (base 11) to base 13.
13243
-930 (base 14) to base 3
-2110220
What is -240432 (base 5) in base 11?
-6731
Convert -6682 (base 11) to base 16.
-2262
Convert -362 (base 10) to base 6.
-1402
What is -66814 (base 9) in base 2?
-1010110101110001
What is -11405 (base 7) in base 8?
-5601
What is 340 (base 9) in base 6?
1143
Convert 23120313 (base 4) to base 10.
46647
-1858 (base 10) to base 6
-12334
What is 2242 (base 5) in base 3?
102221
Convert -1001000 (base 2) to base 5.
-242
-19c3 (base 14) to base 4
-1021013
Convert 100101111110 (base 2) to base 14.
c58
What is -3854 (base 9) in base 12?
-1804
What is 12ba1 (base 12) in base 8?
62451
Convert 101011011100000 (base 2) to base 15.
68ca
Convert -10020 (base 3) to base 8.
-127
8c34 (base 16) to base 9
54210
Convert 23080 (base 9) to base 6.
155113
Convert 85 (base 15) to base 6.
325
Convert -1747 (base 11) to base 9.
-3046
Convert 506 (base 10) to base 16.
1fa
377 (base 10) to base 11
313
9674 (base 14) to base 5
1312344
Convert -6c92 (base 15) to base 9.
-34602
What is 22220 (base 3) in base 7?
462
-20201 (base 4) to base 7
-1406
1012221010 (base 3) to base 9
35833
What is 48 (base 15) in base 7?
125
What is 21371 (base 8) in base 15?
29bd
What is -24212 (base 6) in base 16?
-dd0
2333 (base 4) to base 15
cb
-10100001 (base 2) to base 9
-188
222141 (base 6) to base 5
1044022
What is -3102223 (base 4) in base 8?
-32253
Convert 162 (base 13) to base 4.
3321
Convert 89a (base 13) to base 12.
a33
Convert 637 (base 15) to base 12.
98a
What is 10120 (base 4) in base 13?
187
Convert -1108 (base 14) to base 7.
-11411
Convert -1c89 (base 15) to base 16.
-183c
1277 (base 10) to base 15
5a2
Convert -70426 (base 8) to base 15.
-88a0
Convert 6872 (base 15) to base 11.
15713
-5a1 (base 11) to base 15
-32b
Convert 2211 (base 3) to base 7.
136
Convert 1101011100 (base 2) to base 4.
31130
What is -dd5 (base 15) in base 9?
-4252
Convert -43116 (base 9) to base 15.
-86bc
What is -152042 (base 6) in base 15?
-455e
Convert 215251 (base 6) to base 7.
103366
Convert -3828 (base 12) to base 15.
-1d48
What is -1411 (base 9) in base 5?
-13223
What is 223020 (base 4) in base 8?
5310
6b (base 12) to base 7
146
What is 65254 (base 7) in base 8?
37602
What is -300 (base 10) in base 15?
-150
Convert -2f6 (base 16) to base 15.
-358
-1000011100001110 (base 2) to base 16
-870e
What is 25 (base 9) in base 15?
18
-c4e (base 16) to base 13
-1584
Convert 102122 (base 4) to base 2.
10010011010
190 (base 16) to base 4
12100
Convert 62 (base 11) to base 3.
2112
Convert 79 (base 12) to base 10.
93
What is -6793 (base 14) in base 15?
-54ca
Convert 651 (base 8) to base 13.
269
What is -7b1d (base 14) in base 5?
-1141031
What is -5a2 (base 15) in base 16?
-4fd
What is 313 (base 6) in base 13?
90
What is 5734 (base 8) in base 3?
11011110
What is -41514 (base 7) in base 14?
-3a0b
Convert -75 (base 15) to base 10.
-110
What is -5072 (base 9) in base 5?
-104320
Convert -3360 (base 7) to base 11.
-a08
-99e5 (base 15) to base 16
-7f67
-4642 (base 8) to base 6
-15230
Convert -74b (base 13) to base 5.
-14441
-1264 (base 8) to base 4
-22310
What is 142502 (base 6) in base 7?
54401
1164 (base 10) to base 4
102030
-100010 (base 2) to base 3
-1021
What is -24835 (base 11) in base 10?
-35612
Convert -10112021 (base 3) to base 8.
-5014
Convert 3587 (base 13) to base 16.
1d7b
Convert 11234 (base 5) to base 14.
427
What is -4686 (base 9) in base 11?
-2684
Convert -7273 (base 10) to base 9.
-10871
Convert 4122204 (base 5) to base 10.
67179
Convert 137 (base 13) to base 16.
d7
Convert 6473 (base 11) to base 8.
20546
What is 302150 (base 6) in base 8?
56422
What is -50b (base 14) in base 7?
-2614
Convert 1542 (base 9) to base 8.
2224
What is 1220102 (base 3) in base 6?
10232
What is -13301 (base 5) in base 6?
-4552
-20a (base 15) to base 6
-2044
Convert -2315 (base 12) to base 11.
-2a30
Convert 12212 (base 3) to base 11.
134
Convert 10001110001110 (base 2) to base 16.
238e
What is 115050 (base 6) in base 13?
4833
What is 450 (base 10) in